u - 5*s + 55 = 6*u, -5*s = -u + p. What is the tens digit of u?
2
Let m(y) = -y**3 - 4*y**2 - 5*y - 3. Let o be (1 + 8/(-3))*-3. Suppose 4*d = -17 + o. What is the units digit of m(d)?
3
Let b be (2 + 2 - 1) + 9. Let p = -2 + b. What is the tens digit of p?
1
Let n = -19 - 121. What is the tens digit of (-6)/(-4)*n/(-15)?
1
Suppose -3*h + 2*v - v + 19 = 0, -5*v = 20. Suppose -34 - 36 = -h*f. What is the units digit of f/35 - (-3)/5?
1
What is the units digit of (5/(-10))/((-2)/4)?
1
Let j = -8 + 16. Let x(p) = 15*p**2 - 16*p + 5. Let y(h) = -7*h**2 + 8*h - 3. Let i(c) = -6*x(c) - 13*y(c). What is the units digit of i(j)?
9
Let a be (-4 + 1)*3/9. Let c = a + 3. Let z = c - 1. What is the units digit of z?
1
Let n = -13 - -18. Suppose 1 = -5*j + y, 7 = -4*j + n*y + 2. Suppose 3*r + 86 = 5*h, 4*h - 4*r - 70 + 6 = j. What is the tens digit of h?
1
Let x(z) = -4*z + 5. Let b be x(-4). Suppose 2*v - 129 = -b. What is the units digit of v?
4
Let x(y) = y**3 - 2*y + 1. Suppose 0 = -4*u + 20, -2*a = -a + 5*u - 27. What is the units digit of x(a)?
5
Let s(u) = 11*u**2 + 3*u - 17. What is the units digit of s(-6)?
1
Suppose -5*q + 192 = -8. What is the units digit of q?
0
Suppose -3*s = -4*h - 546, -3*h + 436 = 2*s + 89. What is the hundreds digit of s?
1
Let k = -138 - -196. What is the tens digit of k?
5
Let l(q) = q**3 + 14*q**2 + 12*q - 13. Let p be l(-13). Suppose 4*c - 68 = -4*g, p = 3*c + 4*g - 0*g - 55. What is the tens digit of c?
1
Suppose -13*k = -19*k + 414. What is the units digit of k?
9
Suppose s = 3*g + 3*s - 40, 5*g - 55 = -s. Suppose -3*u + u = -g. What is the tens digit of u/((-15)/6) + 12?
1
Suppose 0*y + 2*y - 4 = 0. Let d(a) = -2 + a**3 + 2 - a**2. What is the units digit of d(y)?
4
Suppose -2 = 4*d - 10. Let y = d + 1. What is the units digit of y?
3
Let u(i) = i**2 + 13*i - 10. What is the units digit of u(-14)?
4
Let y(a) = -a**2 + 3*a - 5. Let l be y(4). Let u(f) = f + 19. What is the units digit of u(l)?
0
Suppose 5*f + 2*d = -54, 5*f = -3*d + 4 - 60. What is the units digit of 4/(-3)*15/f?
2
Let t(u) = -2*u - 5. Let w be t(-4). Let h(a) = -a - 3. Let q be h(-4). Let m = w - q. What is the units digit of m?
2
Let a(v) = -v**3 + 7. Let x be a(0). Let q(w) = -w**3 + 7*w**2 + 4. Let o be q(6). What is the units digit of (x + -4)/(6/o)?
0
Let d be (-2)/3 + 35/21. What is the tens digit of 10 + (16/4 - d)?
1
Let x(t) = -t**2 - 2*t - 1. Let l be x(-1). Let g = l + -3. Let u(i) = -i**3 - 2*i**2 + i - 4. What is the units digit of u(g)?
2
Suppose -r + 0 = -63. What is the tens digit of r?
6
Let u(w) = w**2 - 15*w + 2. Let h be u(15). Suppose 0 = -4*p + n + 91, 3*n - 1 = h. What is the units digit of p?
3
Suppose 0 = 3*v + 10 - 4. What is the units digit of (8 + -11)/(v/14)?
1
Suppose -2*c = -3*u - 5, -2*c + 4*u + 2 = 3*c. Let d be (-147)/(-12) - c/(-8). Suppose 6*n - 4*n - d = 0. What is the units digit of n?
6
Suppose 5*h - 38 = 22. Suppose i = -2*x + h, 0*x + 14 = 2*i - x. What is the units digit of i?
8
Suppose -3*j + 5*y - 5 = -0, -3*j - 45 = 3*y. What is the units digit of (-10)/(-1)*j/(-25)?
4
Suppose 4*u = 2*a + a - 258, -u - 357 = -4*a. What is the tens digit of a?
9
Let y(i) = 3*i + 26. Let b(s) = -s**3 - 6*s**2 - 9*s - 4. Let h be b(-4). What is the units digit of y(h)?
6
Suppose 21 = s + 2*s. Let k(z) = z - 2. Let w be k(s). Let h = -1 + w. What is the units digit of h?
4
Let x = 35 - 51. What is the tens digit of x/(-3)*(-27)/(-4)?
3
Let f = -3 - -59. What is the units digit of f?
6
Suppose -m = 4 - 28. What is the units digit of m?
4
Suppose 3*s + 12 = 6*s. Suppose -s*p + p = -6. What is the units digit of p?
2
Let w(y) = -y**2 + 11*y + 3. What is the tens digit of w(10)?
1
Suppose 0 = -5*q + 10 + 20. What is the tens digit of 3/q - 50/(-4)?
1
Let a(k) = k**2 + 12*k - 10. Let x be a(-13). What is the units digit of x + -4 + -3 + 36?
2
Suppose 3*o + 2*b - 30 = 2*o, 0 = o + 3*b - 31. Suppose -w - 3*w = -20, 4*w - o = n. Let x = -1 - n. What is the units digit of x?
7
Let k(o) = -o**3 + 2*o**2 + 2*o. Suppose -y - 9 = -3*h + 5*h, -y + 1 = -3*h. What is the units digit of k(h)?
2
Let y(r) = 2*r**2 - 4*r. What is the tens digit of y(-6)?
9
Suppose -5*k = -2*c + 70, 95 = 3*c - 0*k - 5*k. Suppose -2*z = -7*z + c. Suppose 15 = z*v - 10. What is the units digit of v?
5
Let m = -2 - 7. Let y = m - -5. What is the units digit of y/(-3)*(-36)/(-8)?
6
Suppose -2*h + 612 = 4*h. What is the units digit of h?
2
What is the units digit of 44/5 - (-2)/10?
9
Let s(r) be the first derivative of r**4/4 + 3*r**3 + r**2 + 8*r - 3. Let q be s(-8). Suppose -3*y - y + 4*g = -q, 4*g = 5*y - 68. What is the units digit of y?
2
Suppose 1212 = 5*g - 2*t + t, 0 = 4*g - 2*t - 966. What is the hundreds digit of g?
2
Suppose -4*y = 3*s + 44, 3*y + 2*s + 26 = -2*s. Let l(i) = 27*i**2 - 2*i + 1. Let q be l(1). Let r = q + y. What is the tens digit of r?
1
Suppose 0 = 2*z - 1 - 43. What is the units digit of z?
2
Let n = 0 + 0. Suppose x = -4*f - 7, n = -4*x + f + 4*f + 14. What is the units digit of x?
1
Suppose 0 = -2*l - l + 138. What is the units digit of l?
6
Suppose 4*d = 21 - 9. Suppose 50 = v + d*l, -4*v + l + 144 = -l. What is the tens digit of v?
3
Suppose 3*v - 12 - 6 = 0. What is the units digit of -2 - (v/2 + -16)?
1
Let s(r) = -r**2 - 16*r + 2. Let u(w) = -13*w**3 - 1. Let f be u(1). What is the tens digit of s(f)?
3
Let s(q) = q + 2. Let w(x) = -2*x - 3. Let g(d) = -5*s(d) - 2*w(d). Let r be g(-7). Suppose -m - r = -7. What is the units digit of m?
4
Let l(f) be the first derivative of f**4/4 + 10*f**3/3 + 4*f**2 + 10*f - 3. What is the tens digit of l(-9)?
1
Suppose -225 = -5*u + 5*f, -5*u + 2*f + 186 = -u. What is the tens digit of u?
4
Let f(i) = 4*i**3 - i**2 + 1. Let z be f(1). Suppose 5*n - 31 = z*d - 6, 3*d = 2*n - 3. Let o = 17 - n. What is the units digit of o?
8
Suppose 5*g + 3*t - 1175 = t, 3*g + t = 705. What is the units digit of g?
5
Suppose 4*l - 155 - 17 = 0. What is the units digit of l?
3
Suppose 5*j - 2*j = 0. Suppose -2*m - 3 = 5*q, 6*q - q - 2*m - 13 = j. Let a = q + 0. What is the units digit of a?
1
Let r(d) = 10*d + 178. What is the units digit of r(0)?
8
Suppose 24 = -a + 5*a. Suppose -2*m - 176 = -a*m. Suppose 0*b - 4*b = -m. What is the tens digit of b?
1
Let h = -4 + 3. Let w be 1 + h - (3 + 0). What is the units digit of 6/((-2 - w)/1)?
6
Let l be 105/(-12) - 1/4. Let r = l + 23. What is the tens digit of r?
1
Let j be (-4)/(-2)*(-10)/(-2). Suppose -j = 7*w - 2*w. What is the units digit of (-2 - w)/(-3) - -7?
7
Let t(i) = 9 - 9*i + 1 + 0 + i**2 - 4. What is the tens digit of t(10)?
1
Suppose -2*a = -0*a - 396. What is the tens digit of a?
9
Let a(t) = t**3 - 5*t**2 - 4*t - 4. Let o be a(6). Let s be (-6)/(-2)*(o + 4). Suppose 3*r - s = -0*r. What is the units digit of r?
2
Let d be 86/(-7) + (-4)/(-14). What is the tens digit of 172/14 - d/(-42)?
1
What is the tens digit of 17 + -7 + -7 - (1 + -138)?
4
Suppose 1 + 1 = a. Let y be 9*a - 0/(-5). What is the units digit of (y/15)/(3/20)?
8
Suppose 0*z = z - 2. Suppose z*a = -a + 6. Suppose -h + 3*h + 2*q = 22, a*h - q = 37. What is the tens digit of h?
1
Let c(q) = 11*q**3 + q**2 - q + 1. Let r(a) = a**3 - 8*a**2 + 7*a + 1. Let m be r(7). What is the tens digit of c(m)?
1
Let u(d) = 3*d**3 - 8*d**2 + 3*d - 14. Let k(g) = g**3 + g - 1. Let h(r) = -4*k(r) + u(r). Let a be h(-8). What is the units digit of (-8)/(2/a) + -3?
5
Let j(h) = h**3 - h. Let f be j(-1). Suppose -2*x + 5*x = f. Suppose x = a - 4 - 4. What is the units digit of a?
8
Suppose 0 = -u - 2*u - 5*h - 9, 0 = 5*h + 15. Let j(m) = -m**3 + 3*m**2 - m. What is the units digit of j(u)?
2
Let r = 92 - 17. What is the units digit of r?
5
Suppose 0 = -h + 11. What is the units digit of h?
1
Let f = -22 - -7. Let d be 3/(3*-3)*f. Suppose 4*w = k - 0*w - 22, w - d = -5*k. What is the units digit of k?
2
Let t = -23 + 46. What is the units digit of t?
3
Suppose y + 4 = 5*y + 4*g, -5*g = -10. Let w(b) = b**2 - 6*b + 4. Let q be w(6). Let i = q + y. What is the units digit of i?
3
Let r(u) = u**2 - 1. Let l be r(-2). Suppose i - l*m + 5 - 26 = 0, -2*m - 4 = 0. Suppose 0*z - 3*z = -i. What is the units digit of z?
5
Let j(p) = 7*p + 1. What is the units digit of j(3)?
2
Suppose 7*v - 3*v = 12. Suppose 31 - 7 = v*n.